{"id":35,"date":"2024-02-11T19:46:24","date_gmt":"2024-02-11T19:46:24","guid":{"rendered":"https:\/\/centroshinquantumhealing.com\/?page_id=35"},"modified":"2024-05-03T07:51:56","modified_gmt":"2024-05-03T07:51:56","slug":"kabbalah","status":"publish","type":"page","link":"https:\/\/centroshinquantumhealing.com\/index.php\/es\/kabbalah\/","title":{"rendered":"Kabbalah"},"content":{"rendered":"\n<blockquote class=\"wp-block-quote is-layout-flow wp-block-quote-is-layout-flow\">\n<p>Sistema de sanaci\u00f3n kabal\u00edstica shin<br>Introspecci\u00f3n kabalistica<br>Es una t\u00e9cnica ancestral, donde a trav\u00e9s de la relajaci\u00f3n la respiraci\u00f3n y el trabajo interior, abordando el autosabotaje con maestr\u00eda para limpiar la klippoth (cascaras del ego) sanando las energ\u00edas resultantes del trauma y manifestando los talentos que hay en su interior, se trabajan los 4 niveles del alma en esta t\u00e9cnica, nefesh f\u00edsico alma vital o toda la energ\u00eda referente a la salud f\u00edsica equilibrio materialmundo yetziratico, alma emocional, campo de emociones y sentimientos mundo de la formaci\u00f3n donde comienzan a tomar forma energ\u00edas densas de salud o patol\u00f3gicas.<br><br>Mundo de briah plano del alma nesham\u00e1 &#8211; alma mental espiritual, el esp\u00edritu divino el mundo de la la creaci\u00f3n o del<br>pensamiento divinos mundo de atzilut, plano de yejida aqui solo subimos en los sue\u00f1os, o cuando trascendemos es el plano m\u00e1s espiritual donde se encuentra, no hay dualidad solo un estado de unidad, el plan divino en estado puro.<br><br>Terapia ps\u00edquica del \u00e1rbol de la vida<br>A trav\u00e9s de sejel tenudah (balanceo del arbol) trabajamos con preguntas, elaboraciones y sanaciones todas los kelim (vasijas) del \u00e1rbol de la vida acompa\u00f1ada de meditaciones kabalisticas del m\u00e1s alto nivel. Con este trabajo podras sanar y equilibrar cualquier aspecto de tu vida, con una conciencia real y libre de sabotajes retornando al \u00fanico prop\u00f3sito de nuestras vidas, ser<br>nosotros mismos, a trav\u00e9s del ahava amor hacia nosotros mismos, y hacia la creaci\u00f3n meditaci\u00f3n cabal\u00edstica para sanaci\u00f3n las letras hebreas constituyen una poderosa fuente de sanaci\u00f3n con las 22 letras hebreas todo fue creado como explica el famoso libro sefer yetzirah. El sefer yetzirah ,es el libro por excelencia de la k\u00e1bala meditativa,en elencontramos todos los secretos ocultos de sanaci\u00f3n y meditaci\u00f3n a trav\u00e9s de la fuerza del deseo mas la kavana (intencion del corazon) mas la neshama (alma mental ,pensamiento divino) subiremos a los mundos superiores a manifestar poderes ps\u00edquicos y bendiciones para mejorar nuestra vida y ayudar con amor al pr\u00f3jimo.<br><br>Todo esto lo haremos a trav\u00e9s de un trance profundo y trabajando con el nombre m\u00e1s sagrado de todos Havaiah met\u00e1fora profunda para alcanzar salud amor y luz. !todo esta en lo interno! lo externo es una ilusi\u00f3n!<br><br>Hermen\u00e9utica cabal\u00edstica<br>Para la kabala el poder mas alto sobrenatural es el tetragrama, conocido por la designaci\u00f3n del nombre formado por las letras Iod, Hei, Vav Hei<br><br>De ah\u00ed la importancia del nombre para la disciplina kabalistica. En esta t\u00e9cnica buscamos el nombre interno y lo elaboramos convirtiendo esa klipa (ego) en luz y salud dandole un nuevo enfoque y sentido a tu vida, vive con plenitud!<br>A trav\u00e9s de las ruedas de sanaci\u00f3n de las sagradas letras hebreas Baruch Hashem!<\/p>\n<\/blockquote>\n","protected":false},"excerpt":{"rendered":"<p>Sistema de sanaci\u00f3n kabal\u00edstica shinIntrospecci\u00f3n kabalisticaEs una t\u00e9cnica ancestral, donde a trav\u00e9s de la relajaci\u00f3n la respiraci\u00f3n y el trabajo interior, abordando el autosabotaje con maestr\u00eda para limpiar la klippoth (cascaras del ego) sanando las energ\u00edas resultantes del trauma y manifestando los talentos que hay en su interior, se trabajan los 4 niveles del alma [&hellip;]<\/p>\n","protected":false},"author":1,"featured_media":0,"parent":0,"menu_order":0,"comment_status":"closed","ping_status":"closed","template":"","meta":{"footnotes":""},"class_list":["post-35","page","type-page","status-publish","hentry"],"yoast_head":"<!-- This site is optimized with the Yoast SEO plugin v22.8 - https:\/\/yoast.com\/wordpress\/plugins\/seo\/ -->\n<title>Kabbalah - Centro Shin Quantum Healing<\/title>\n<meta name=\"robots\" content=\"index, follow, max-snippet:-1, max-image-preview:large, max-video-preview:-1\" \/>\n<link rel=\"canonical\" href=\"https:\/\/centroshinquantumhealing.com\/index.php\/es\/kabbalah\/\" \/>\n<meta property=\"og:locale\" content=\"en_US\" \/>\n<meta property=\"og:type\" content=\"article\" \/>\n<meta property=\"og:title\" content=\"Kabbalah - Centro Shin Quantum Healing\" \/>\n<meta property=\"og:description\" content=\"Sistema de sanaci\u00f3n kabal\u00edstica shinIntrospecci\u00f3n kabalisticaEs una t\u00e9cnica ancestral, donde a trav\u00e9s de la relajaci\u00f3n la respiraci\u00f3n y el trabajo interior, abordando el autosabotaje con maestr\u00eda para limpiar la klippoth (cascaras del ego) sanando las energ\u00edas resultantes del trauma y manifestando los talentos que hay en su interior, se trabajan los 4 niveles del alma [&hellip;]\" \/>\n<meta property=\"og:url\" content=\"https:\/\/centroshinquantumhealing.com\/index.php\/es\/kabbalah\/\" \/>\n<meta property=\"og:site_name\" content=\"Centro Shin Quantum Healing\" \/>\n<meta property=\"article:modified_time\" content=\"2024-05-03T07:51:56+00:00\" \/>\n<meta name=\"twitter:card\" content=\"summary_large_image\" \/>\n<script type=\"application\/ld+json\" class=\"yoast-schema-graph\">{\"@context\":\"https:\/\/schema.org\",\"@graph\":[{\"@type\":\"WebPage\",\"@id\":\"https:\/\/centroshinquantumhealing.com\/index.php\/es\/kabbalah\/\",\"url\":\"https:\/\/centroshinquantumhealing.com\/index.php\/es\/kabbalah\/\",\"name\":\"Kabbalah - Centro Shin Quantum Healing\",\"isPartOf\":{\"@id\":\"https:\/\/centroshinquantumhealing.com\/#website\"},\"datePublished\":\"2024-02-11T19:46:24+00:00\",\"dateModified\":\"2024-05-03T07:51:56+00:00\",\"breadcrumb\":{\"@id\":\"https:\/\/centroshinquantumhealing.com\/index.php\/es\/kabbalah\/#breadcrumb\"},\"inLanguage\":\"en-US\",\"potentialAction\":[{\"@type\":\"ReadAction\",\"target\":[\"https:\/\/centroshinquantumhealing.com\/index.php\/es\/kabbalah\/\"]}]},{\"@type\":\"BreadcrumbList\",\"@id\":\"https:\/\/centroshinquantumhealing.com\/index.php\/es\/kabbalah\/#breadcrumb\",\"itemListElement\":[{\"@type\":\"ListItem\",\"position\":1,\"name\":\"Home\",\"item\":\"https:\/\/centroshinquantumhealing.com\/\"},{\"@type\":\"ListItem\",\"position\":2,\"name\":\"Kabbalah\"}]},{\"@type\":\"WebSite\",\"@id\":\"https:\/\/centroshinquantumhealing.com\/#website\",\"url\":\"https:\/\/centroshinquantumhealing.com\/\",\"name\":\"Centro Shin Quantum Healing\",\"description\":\"\",\"publisher\":{\"@id\":\"https:\/\/centroshinquantumhealing.com\/#organization\"},\"inLanguage\":\"en-US\"},{\"@type\":\"Organization\",\"@id\":\"https:\/\/centroshinquantumhealing.com\/#organization\",\"name\":\"Centro Shin Quantum Healing\",\"url\":\"https:\/\/centroshinquantumhealing.com\/\",\"logo\":{\"@type\":\"ImageObject\",\"inLanguage\":\"en-US\",\"@id\":\"https:\/\/centroshinquantumhealing.com\/#\/schema\/logo\/image\/\",\"url\":\"https:\/\/centroshinquantumhealing.com\/wp-content\/uploads\/2024\/02\/screenshot.jpg\",\"contentUrl\":\"https:\/\/centroshinquantumhealing.com\/wp-content\/uploads\/2024\/02\/screenshot.jpg\",\"width\":880,\"height\":660,\"caption\":\"Centro Shin Quantum Healing\"},\"image\":{\"@id\":\"https:\/\/centroshinquantumhealing.com\/#\/schema\/logo\/image\/\"}}]}<\/script>\n<!-- \/ Yoast SEO plugin. -->","yoast_head_json":{"title":"Kabbalah - Centro Shin Quantum Healing","robots":{"index":"index","follow":"follow","max-snippet":"max-snippet:-1","max-image-preview":"max-image-preview:large","max-video-preview":"max-video-preview:-1"},"canonical":"https:\/\/centroshinquantumhealing.com\/index.php\/es\/kabbalah\/","og_locale":"en_US","og_type":"article","og_title":"Kabbalah - Centro Shin Quantum Healing","og_description":"Sistema de sanaci\u00f3n kabal\u00edstica shinIntrospecci\u00f3n kabalisticaEs una t\u00e9cnica ancestral, donde a trav\u00e9s de la relajaci\u00f3n la respiraci\u00f3n y el trabajo interior, abordando el autosabotaje con maestr\u00eda para limpiar la klippoth (cascaras del ego) sanando las energ\u00edas resultantes del trauma y manifestando los talentos que hay en su interior, se trabajan los 4 niveles del alma [&hellip;]","og_url":"https:\/\/centroshinquantumhealing.com\/index.php\/es\/kabbalah\/","og_site_name":"Centro Shin Quantum Healing","article_modified_time":"2024-05-03T07:51:56+00:00","twitter_card":"summary_large_image","schema":{"@context":"https:\/\/schema.org","@graph":[{"@type":"WebPage","@id":"https:\/\/centroshinquantumhealing.com\/index.php\/es\/kabbalah\/","url":"https:\/\/centroshinquantumhealing.com\/index.php\/es\/kabbalah\/","name":"Kabbalah - Centro Shin Quantum Healing","isPartOf":{"@id":"https:\/\/centroshinquantumhealing.com\/#website"},"datePublished":"2024-02-11T19:46:24+00:00","dateModified":"2024-05-03T07:51:56+00:00","breadcrumb":{"@id":"https:\/\/centroshinquantumhealing.com\/index.php\/es\/kabbalah\/#breadcrumb"},"inLanguage":"en-US","potentialAction":[{"@type":"ReadAction","target":["https:\/\/centroshinquantumhealing.com\/index.php\/es\/kabbalah\/"]}]},{"@type":"BreadcrumbList","@id":"https:\/\/centroshinquantumhealing.com\/index.php\/es\/kabbalah\/#breadcrumb","itemListElement":[{"@type":"ListItem","position":1,"name":"Home","item":"https:\/\/centroshinquantumhealing.com\/"},{"@type":"ListItem","position":2,"name":"Kabbalah"}]},{"@type":"WebSite","@id":"https:\/\/centroshinquantumhealing.com\/#website","url":"https:\/\/centroshinquantumhealing.com\/","name":"Centro Shin Quantum Healing","description":"","publisher":{"@id":"https:\/\/centroshinquantumhealing.com\/#organization"},"inLanguage":"en-US"},{"@type":"Organization","@id":"https:\/\/centroshinquantumhealing.com\/#organization","name":"Centro Shin Quantum Healing","url":"https:\/\/centroshinquantumhealing.com\/","logo":{"@type":"ImageObject","inLanguage":"en-US","@id":"https:\/\/centroshinquantumhealing.com\/#\/schema\/logo\/image\/","url":"https:\/\/centroshinquantumhealing.com\/wp-content\/uploads\/2024\/02\/screenshot.jpg","contentUrl":"https:\/\/centroshinquantumhealing.com\/wp-content\/uploads\/2024\/02\/screenshot.jpg","width":880,"height":660,"caption":"Centro Shin Quantum Healing"},"image":{"@id":"https:\/\/centroshinquantumhealing.com\/#\/schema\/logo\/image\/"}}]}},"_links":{"self":[{"href":"https:\/\/centroshinquantumhealing.com\/index.php\/wp-json\/wp\/v2\/pages\/35","targetHints":{"allow":["GET"]}}],"collection":[{"href":"https:\/\/centroshinquantumhealing.com\/index.php\/wp-json\/wp\/v2\/pages"}],"about":[{"href":"https:\/\/centroshinquantumhealing.com\/index.php\/wp-json\/wp\/v2\/types\/page"}],"author":[{"embeddable":true,"href":"https:\/\/centroshinquantumhealing.com\/index.php\/wp-json\/wp\/v2\/users\/1"}],"replies":[{"embeddable":true,"href":"https:\/\/centroshinquantumhealing.com\/index.php\/wp-json\/wp\/v2\/comments?post=35"}],"version-history":[{"count":2,"href":"https:\/\/centroshinquantumhealing.com\/index.php\/wp-json\/wp\/v2\/pages\/35\/revisions"}],"predecessor-version":[{"id":134,"href":"https:\/\/centroshinquantumhealing.com\/index.php\/wp-json\/wp\/v2\/pages\/35\/revisions\/134"}],"wp:attachment":[{"href":"https:\/\/centroshinquantumhealing.com\/index.php\/wp-json\/wp\/v2\/media?parent=35"}],"curies":[{"name":"wp","href":"https:\/\/api.w.org\/{rel}","templated":true}]}}